 -4)/((3/86)/3)?
4
Let u be ((-182)/(-4))/(2870/(-960) - -3). Suppose -29*d = -42*d + u. What is the units digit of d?
6
Suppose -3*z + 2 + 17 = 4*h, 1 = -z - 5*h. Suppose -2*f + 61 - 47 = 0. Suppose -f*n + 320 = -z. What is the tens digit of n?
4
Let i = 4915 + 864. What is the hundreds digit of i?
7
What is the hundreds digit of 8/152 + 371942/38?
7
Suppose 744903 = 92*z - 398564 - 1102529. What is the tens digit of z?
1
Suppose -3*i + 40816 = -v, 0 = 2*i - 82*v + 83*v - 27209. What is the thousands digit of i?
3
Let p(k) be the first derivative of k**3 - k**2 - 5*k - 597. Suppose 2*u + h - 7 = -0*u, u - 4*h - 17 = 0. What is the tens digit of p(u)?
6
Suppose 2*d - 18 + 10 = 0. Let y be 39*d/(-8)*2. What is the units digit of (y/(-3))/((-5)/(-15))?
9
What is the thousands digit of (-41)/((-1107)/(-73638))*-6?
6
What is the tens digit of (4708 - 172)*40/6 + 0 + -8?
3
Let x be (-16)/(-10) + (-24904)/(-10). Suppose 4*w = -4*z + 2384 + 928, 3*w - x = -5*z. What is the units digit of w?
4
Let a(o) be the second derivative of -11*o**5/120 - 7*o**4/6 + o**3/6 - 21*o. Let b(y) be the second derivative of a(y). What is the tens digit of b(-13)?
1
Let v be ((-39)/(-26))/((-3)/(-8)). Suppose -5*q + 0*t + v*t - 717 = 0, -137 = q - 4*t. Let j = 217 + q. What is the tens digit of j?
7
Suppose -208115 = -130*k + 116495. What is the units digit of k?
7
Suppose 61*n = 173*n - 2790821 + 317637. What is the units digit of n?
2
Let a(z) = z**3 + 5*z**2 - 7*z - 8. Let d = 32 + -38. Let j be a(d). What is the tens digit of (11/(-2) - j)*-24?
8
Suppose -4 = s + 3*x - 3, 4*x = -2*s. Suppose -3*l - 3*c + c + 328 = 0, -s*c = -4*l + 414. What is the tens digit of 1/((3/6)/(l/4))?
5
Let j(o) = 2*o - 8. Let r be j(16). Let y = r - 20. Suppose y*q = h + 268 + 119, 0 = 3*q - 5*h - 286. What is the units digit of q?
7
Suppose -2*u + v = -v - 3524, -5286 = -3*u - 2*v. Suppose -4*t = u - 602. Let k = t - -477. What is the hundreds digit of k?
1
Let y be 323/57 - (11/3 + -3). Suppose 1473 = x + i, -y*x = -0*x + i - 7381. What is the thousands digit of x?
1
Let i = 189 - 36. Suppose -117 = -h + i. Suppose 18*n = 15*n + h. What is the tens digit of n?
9
Let y = -7241 - -34145. What is the hundreds digit of y?
9
Let j be ((-77)/21 + (-2)/(-3))*1. What is the hundreds digit of ((-1531)/j - 7)*3?
5
Let i = -1020 - -8502. What is the units digit of i?
2
Suppose 204*i - 1229479 = 268697. What is the units digit of i?
4
What is the units digit of 2*1/(-10) + 10 + 645318/90?
0
Let n = -360 - -690. What is the tens digit of n?
3
Suppose 2*w + 11 = 5*d, 0 = -4*d - 7*w + 3*w + 20. Suppose 3176 = 4*j + d*q, -j + 2*q - 3180 = -5*j. What is the tens digit of j?
9
Let m(o) = -o**2 + 2*o + 2. Let w be m(4). What is the units digit of ((-261)/(-6))/(w/(-36))?
1
Let r(g) = -g**3 - 20*g**2 - 48*g + 34. Let h be r(-24). Suppose h = 3*y + 877. What is the units digit of y?
1
Let q(a) be the second derivative of a**4/6 - 11*a**3 - 209*a**2/2 - 141*a. What is the hundreds digit of q(47)?
1
Let w(g) = g**2 - 2*g + 1. Let z(b) = 3*b**2 - 49*b + 112. Let h(f) = 4*w(f) - z(f). What is the tens digit of h(-44)?
2
Suppose 6*r = -1136 - 652. Let d = r - -744. What is the tens digit of d?
4
Let v = 21319 - 2943. What is the units digit of v?
6
Let j(r) = r**3 + 6*r**2 - r + 2. Let f be j(-6). Let i = 323 - 323. Suppose i = n - f - 33. What is the tens digit of n?
4
Let o(u) = -u**3 + 44*u**2 + 101*u - 34. Suppose 4*h - 184 = f, -4*h - 4*f + 140 = -44. What is the tens digit of o(h)?
8
Suppose 19*h - 16*h = 19440. Suppose -h = 9*o - 19*o. What is the units digit of o?
8
Suppose -x - 7 = -7. Suppose x*a - 7*a + 1582 = 0. What is the tens digit of a?
2
Let w = -45 - -280. Let m = 453 - w. What is the tens digit of m?
1
What is the hundreds digit of (-15)/(-20) + (-403818)/(-40) - 26/130?
0
Suppose 3*c - 4*g = -10, 7*g = c + 5*g + 4. What is the tens digit of 271 + 2 + 5 + c?
7
Suppose -13 - 17 = -5*n. Suppose -n + 8 = o. Suppose -2*g = -5*r + 167, -g - o*g - 3 = 0. What is the units digit of r?
3
Let d(l) = l**2 - 38. Let k be d(0). Suppose 0 = -5*t - 2*h + 349, -2*h - 278 = -4*t - 4*h. Let u = k + t. What is the tens digit of u?
3
Suppose 847*b + 62054 = 870*b. What is the units digit of b?
8
Let x(c) = -c**3 + 52*c**2 - 12*c - 15. What is the units digit of x(13)?
0
Let x(g) = -18*g - 126. Let w be x(-7). Suppose -5*l + 429 = i, -2*i + 7*i - l - 2067 = w. What is the tens digit of i?
1
Let i(r) = -r**3 - 18*r**2 + 44*r - 12. Let k be i(-16). Let x = k + 1904. What is the hundreds digit of x?
6
Let t = -1635 - -2811. Suppose n + 118 = -4*z + t, 3*z = -5*n + 785. What is the units digit of z?
5
Let y be ((-2)/3)/((-34)/54264). Let r = 1509 - y. What is the units digit of r?
5
Let a = -22682 + 40030. What is the units digit of a?
8
Let y be 5 - (-3 - 5/(-1)). Suppose -3*z = -y*r + 633, -2*z - 2*r = -5*z - 637. Let n = z + 321. What is the tens digit of n?
0
Suppose 13*y = -56*y + 955374. What is the units digit of y?
6
Let f(i) = i**3 - 92*i**2 + 471*i - 88. What is the units digit of f(89)?
8
Let v(t) = -t + 10. Let r be v(6). Suppose 5*o + 3*c - 1859 = -630, 5*c = -r*o + 978. What is the tens digit of o?
4
Let c(d) = d**3 + 9*d**2 + 6*d + 2. Let v be c(-4). Suppose 196 = -7*a + 826. Let g = a - v. What is the tens digit of g?
3
Suppose 3*f + 10602 - 914 = 2*t, -2*f = 3*t - 14519. What is the units digit of t?
1
Let d be (-124)/(-7) + 2 + (-2)/(-7). Suppose 0 = -3*i + 5*h + 370, 5*i = -5*h + 734 - 64. Let x = d + i. What is the units digit of x?
0
Suppose 30569 = -2*q + 3*u + 77375, -3*q = 4*u - 70175. What is the units digit of q?
7
Let h = 745 + -321. Let d = h - 235. What is the tens digit of d?
8
Let x(n) = -55*n**3 - 7*n**2 + 2*n + 2. Let r be x(-5). Suppose 0 = 10*q - 3*q - r. What is the units digit of q?
6
Let s(p) = 6*p**2 - 4*p - 18. Let t be (4/(-8))/(14/(-112)). What is the tens digit of s(t)?
6
Suppose -146*i = -140*i + 54. What is the units digit of (i/18)/(6/(-14472))?
6
Let v be 191/(-1*(-4)/8) + -3. Suppose 5*b + 136 + v = 0. Let q = 207 + b. What is the tens digit of q?
0
Let s = -34 - -77. Let f(q) = q**3 + s + q + 0*q + 0*q. What is the units digit of f(0)?
3
What is the tens digit of 25*8/60*(-35592)/(-20)?
3
Let p(r) = -3*r - 13. Let t be p(-5). Suppose 4*d + t = o + 9, -3*o = -5*d. Suppose 15 = -3*z, 4*y - 147 = d*z + 240. What is the tens digit of y?
9
Suppose 4*t - 5*a - 95063 = 0, 100*t + 71264 = 103*t + a. What is the units digit of t?
7
Let f(m) = m**3 + 4*m**2 - 4*m - 10. Suppose 0 = -0*w - 5*w - 20. Let r be f(w). Suppose -r*u + 3 = -261. What is the units digit of u?
4
Suppose 90820 = 46*x - 148702. What is the hundreds digit of x?
2
Suppose 14*w = 258027 + 250537. What is the hundreds digit of w?
3
Suppose 4*x + 24 = 2*x. What is the tens digit of (2514/18)/((-4)/x)?
1
Let l = -2706 - -3984. What is the thousands digit of l?
1
Let b(h) be the second derivative of h**4/2 + 28*h**3/3 + 5*h**2/2 - 4*h - 8. What is the tens digit of b(-16)?
4
Let s(b) be the first derivative of 88*b**3/3 + 9*b**2/2 - 22*b + 67. What is the hundreds digit of s(4)?
4
Suppose -3*l + 5*l + 336 = -b, -l - 168 = 3*b. What is the units digit of 962/4 + (l/(-16) - 10)?
1
Let h be 0/(-4 - 2) + 12/(-1). Let f(d) = -d**3 - 13*d**2 - 13*d + 29. What is the tens digit of f(h)?
4
Suppose 5*t + 2*w - 9 = w, -5 = 5*w. Suppose 1146 = t*v + v. Let y = -188 + v. What is the units digit of y?
4
Suppose 4*u = 3*j - 8*j + 14102, 2*u - 7024 = 2*j. What is the units digit of u?
8
Let u be 2074/18 + (-2)/9. Let o = u + -3. What is the tens digit of o?
1
Suppose 2*m = 3*y - 16 - 292, -2*m = 3*y + 284. What is the hundreds digit of m/518 + (-5128)/(-14)?
3
Suppose 4*u - 94495 = -3*i, 3*u + 26082 - 89076 = -2*i. What is the thousands digit of i?
1
Suppose -781 = -6*i - 181. Let a = 101 - i. What is the units digit of a*3*6/((-30)/(-55))?
3
Let t(x) be the second derivative of x**4/3 + 25*x**3/6 - 45*x**2/2 - 29*x. What is the units digit of t(-13)?
6
Let c be 226/6 - 1/(-3). Suppose -r = c - 148. Suppose 2*a = 2*s + 3*s + 225, a - r = 5*s. What is the tens digit of a?
1
Let j be 5/(15/663) + -4. Suppose 4*s - 2*z = 474, -7*z + 2*z - j = -2*s. Suppose 145 = 3*v - 4*x, -3*v + 6*v - s = -2*x. What is the tens digit of v?
4
L